?
3, 7
Let d(f) = 2*f**2 + 17*f - 1. Let x be d(-9). Suppose 7*m - x*m + 19 = 0. List the prime factors of m.
19
Suppose -5*w - m + 78 = 0, 0 = -2*w + 3*w + 5*m - 6. Suppose 52 = 4*j - 2*p, 3*p + w = -p. List the prime factors of j.
11
Let c(x) = -12*x + 209. List the prime factors of c(3).
173
Suppose 3*c + 75 = 6*c. Suppose 5*k + 14 = 4. Let s = c - k. List the prime factors of s.
3
Suppose -2 = 3*d - 4*d. Let r be 9/6 - 9/d. What are the prime factors of r - -5 - (0 - 33)?
5, 7
Suppose 0 = -4*x + 11*x - 5740. What are the prime factors of x?
2, 5, 41
Let t = 107 + -107. Suppose t = 2*o, -3*y + 2*o + 3 = -72. What are the prime factors of y?
5
Suppose -2*z - z = 0. Suppose z = 5*j - 10 - 5. Suppose 2*p - 9 = j. What are the prime factors of p?
2, 3
Suppose d - 8 + 5 = 0. Suppose -4*z + d*m - 9 = -58, 3*z = -4*m + 18. Let n(w) = 4*w - 1. What are the prime factors of n(z)?
3, 13
Let b = -175 + 395. List the prime factors of b.
2, 5, 11
What are the prime factors of (-5 + 2)/(16/(18752/(-6)))?
2, 293
Let a(r) = -r**2 + 8*r + 6. Let h be a(8). Suppose 0 = 4*w + s - 20, 4*w + 3*s + 8 = 28. Suppose 24 = h*d - w*d. List the prime factors of d.
2, 3
Suppose 18931 = 237*l - 226*l. What are the prime factors of l?
1721
Suppose -303 = -6*i - 87. Suppose -202 = -r - 2*u, -r + 3*u + 181 = -i. List the prime factors of r.
2, 13
Suppose -2 = 4*m - 22, g - 4*m = 479. Suppose 4*r + 4*k - g = -167, -2*r + 170 = -2*k. What are the prime factors of r?
2, 3, 7
Suppose 2*j - 11 = 1. Let o = 22 - j. What are the prime factors of o?
2
Let p(q) = 172*q**2 - 6*q - 16. What are the prime factors of p(-2)?
2, 3, 19
Let g(a) = -4*a**3 + 5*a**2 - a - 5. List the prime factors of g(-6).
5, 11, 19
Suppose -p - 3*p + 5*x = 31, p - x + 9 = 0. Let u be 7/(p/(-3))*16. List the prime factors of (-530)/(-12) + (-4)/u.
2, 11
Suppose -3*j + 29 + 20 = -5*o, 0 = 4*j - o - 54. Suppose 5 = 3*x - j. What are the prime factors of 184/6 + x/(-9)?
2, 3, 5
Let u(h) = -h**3 + 3*h**2 + 3*h + 1. Suppose 0 = -4*b - 3 - 9. Let d be u(b). List the prime factors of (d/(-5))/((-26)/65).
23
Let n(b) = b**3 - 4*b**2 - 4*b - 4. Let i be n(5). Suppose x = -q - i, -3*q - x - 1 + 0 = 0. Suppose -2*l + 3*l - 13 = q. List the prime factors of l.
13
What are the prime factors of -3 + (-9)/((-45)/(-20)) + 2449?
2, 3, 11, 37
Let u(c) = -7*c**3 + 3*c**2 + 2*c + 2. Let t = -29 - -27. Let q be u(t). Suppose -4*a + q = -98. List the prime factors of a.
41
Suppose 3*x + m - 539 = 0, 4*x = 2*m + 486 + 236. List the prime factors of x.
2, 3, 5
What are the prime factors of (1*1401)/(108/144)?
2, 467
Let j = -581 - -693. What are the prime factors of j?
2, 7
Let c(o) = 3*o - 12. Let l be c(5). List the prime factors of (-2)/(-4) - ((-1482)/4)/l.
2, 31
Let a = 392 - -222. What are the prime factors of a?
2, 307
Suppose -302 - 335 = 7*v. Let a = v - -239. List the prime factors of a.
2, 37
Suppose 25 - 43 = t. What are the prime factors of (-4)/t - 1324/(-36)?
37
Suppose -17*b - 70632 = -71*b. What are the prime factors of b?
2, 3, 109
Let t(q) = -928*q**3 - q**2 + 13*q + 14. What are the prime factors of t(-1)?
2, 29
Suppose -z - 3*v = -665, 4*z - 4*v - 1642 = 1050. List the prime factors of z.
11, 61
Let u be (4 + 1 + -4)*72. Suppose -a = -7*a + u. List the prime factors of a.
2, 3
Let a = 111 - 127. Let u = 69 + a. List the prime factors of u.
53
Suppose -3*c = -4*s - 14, 2 = s - 2*s. Let w be c - 1*(-6)/(-2). Let p = 4 - w. What are the prime factors of p?
5
Let w = 9 + 56. List the prime factors of w.
5, 13
What are the prime factors of (-2)/((-5 - 4362/(-873))*6)?
97
List the prime factors of (4/24*52)/((-12)/(-522)).
13, 29
Let d(u) = -u**2 + 34*u + 11. What are the prime factors of d(14)?
3, 97
Let s = -10 + 13. Suppose s*o - 377 = 4*x - 3*x, 123 = o + x. What are the prime factors of o?
5
Let o(c) be the first derivative of -99*c**2/2 - 29*c - 18. What are the prime factors of o(-3)?
2, 67
Suppose -3460 = -5*b + 4*o, 4*b + 3*o = o + 2768. List the prime factors of b.
2, 173
Suppose -5*b = -2*s + 2 + 1, 5*s - 3*b - 55 = 0. What are the prime factors of s?
2, 7
Let i(m) = -2*m - 4. Let s be i(-3). Let f be 0 - (-6 - (1 + s)). Suppose -5*o + 16 = w, -4*w - 4*o = -41 + f. What are the prime factors of w?
2, 3
List the prime factors of -4*(-15)/10 + -2 + 797.
3, 89
Let u be 8/40 + 74/5. Suppose 4*v + 11 = -4*h + v, 3*v = -u. List the prime factors of h - 0 - (-15 + -13).
29
What are the prime factors of ((-108)/(-24))/((18/1288)/3)?
2, 3, 7, 23
Let r = 10 - 11. Let a be r*(4 + 16/(-2)). Suppose 0*b - 94 = -2*b + 2*h, 0 = -a*h. List the prime factors of b.
47
Let g(r) = 4*r**3 + 6*r**2 - 6*r. What are the prime factors of g(10)?
2, 5, 227
Let p(r) = -120*r + 8. Let g be p(2). Let z = 404 + g. What are the prime factors of z?
2, 43
Suppose 0 = -2*o + g + 43, 2*g + 109 = 5*o - g. Suppose -o = -y - 3*y. What are the prime factors of y?
5
Let a(o) = -o + 7. Let r be a(7). Let s(t) be the first derivative of -t**4/4 + 12*t + 2. List the prime factors of s(r).
2, 3
Suppose 3*t - 2*y + 10293 - 26511 = 0, t - 5410 = 2*y. What are the prime factors of t?
2, 7, 193
List the prime factors of 590 + (-3)/(-2)*-4.
2, 73
Suppose -3*s = -5*q - 1 - 0, 4*q - 5*s = 7. Let y = q + 5. Suppose -x - 5*b = -5, -b = -y*x - 19 + 82. What are the prime factors of x?
2, 5
Suppose f + 5 = 4*k - 5, 0 = 5*k. Let y = -1 - f. Suppose -9 = -12*d + y*d. What are the prime factors of d?
3
List the prime factors of (1849 - (-2 - 7)) + -3*1.
5, 7, 53
Let v(k) = 59*k**2 - 33. What are the prime factors of v(-6)?
3, 17, 41
Suppose -20 = -4*j, -3*j = -2*l - 0*j - 3. Suppose 40 = -5*g + g. List the prime factors of 35 + 0 + l + g.
31
List the prime factors of (-287245)/(-174) - (-2)/12.
13, 127
Suppose 0 = 25*y + 5005 - 30205. List the prime factors of y.
2, 3, 7
Let t(c) = 111*c - 1 + c**3 - 4*c**3 - 110*c + 20*c**3 - c**2. List the prime factors of t(1).
2
Let p(b) = b**2 + 2*b - 50. Let o be p(13). Let w = o - 21. What are the prime factors of w?
2, 31
Let h(f) = 2*f - 2. Let y be h(2). Let b(l) = -7 + 0*l**3 + l**y + l**3 - 14*l**2 + 13*l. What are the prime factors of b(12)?
5
Suppose 0 = 2*l + 3*v + 11, -l + 2*v + 0*v - 2 = 0. What are the prime factors of (-4 - -45) + l + 3?
2, 5
Let g = 32 + -23. Suppose -3*d - 414 = -g*d. List the prime factors of d.
3, 23
Suppose -3*h - 25 = -5*b - 4*h, -2*h = -2*b + 10. Suppose 0 = -b*n + n + 740. List the prime factors of n.
5, 37
Let z = 9 + -16. Let q be z*(-7)/(7/(-2)). Let d = -10 - q. What are the prime factors of d?
2
Suppose 2*h = -0*h. Suppose h = -v + 6 + 9. Suppose -14*a = -v*a + 55. List the prime factors of a.
5, 11
Let d = -14 + 11. What are the prime factors of (1/d + -1)*(-675)/6?
2, 3, 5
Let b = 16 - 10. Let v = b - 0. Suppose -l + 19 = 4*u, 5*l + u = v*u + 145. What are the prime factors of l?
3
Let p(x) be the second derivative of x**5/20 + 4*x**4/3 + 5*x**3/2 - 6*x**2 + 3*x. What are the prime factors of p(-14)?
2, 5, 17
Let f(y) = -19*y - 1. Let c(h) = -h**3 - 7*h**2 - h - 8. Let r be c(-7). What are the prime factors of f(r)?
2, 3
Let l = -1127 + 2407. List the prime factors of l.
2, 5
Let x = 720 + -191. List the prime factors of x.
23
Let q = -69 - -12. Let x = -15 - q. Let r = -26 + x. List the prime factors of r.
2
Let f = 28 - 26. Suppose -f*j + 3 + 141 = 0. List the prime factors of j.
2, 3
Let o = -10 - -9. Let a be (-3 - o) + 0 + 7. Suppose a*r = -w + 34, -5*w = -0*w + 3*r - 126. What are the prime factors of w?
2, 3
Let i(v) = v**3 + 5*v**2 - 7. Let r be i(-5). Let p(s) = s**3 - 7*s**2 - 10*s + 4. Let f be p(8). Let k = r - f. List the prime factors of k.
5
Let k(v) = -4*v + 5. Let l(j) = -5*j + 5. Let m(f) = -6*k(f) + 5*l(f). Let n be m(-5). What are the prime factors of (232/4)/(2 - n)?
29
Let c be (36/63)/(4/14). List the prime factors of -6*(-1 - 1/c).
3
Let v(n) = 344*n**3 - 2*n**2 + n - 2. List the prime factors of v(1).
11, 31
Let w(j) be the third derivative of -2/3*j**3 + 6*j**2 + 1/120*j**6 - 1/6*j**5 + 0 + 1/2*j**4 + 0*j. What are the prime factors of w(9)?
23
Let y = -26 + 23. Let u be ((-66)/11)/(y + 1). Suppose u*q - 13 = -2*t + 8, 0 = 3*t - 4*q - 6. List the prime factors of t.
2, 3
Let i(z) = 3*z + 30. Let k be i(-10). What are the prime factors of (5/(-3))/(2